{"id":65,"date":"2021-04-13T14:11:12","date_gmt":"2021-04-13T14:11:12","guid":{"rendered":"https:\/\/neu.pillnitzer-reiterhof.de\/?page_id=65"},"modified":"2025-04-29T10:00:53","modified_gmt":"2025-04-29T10:00:53","slug":"pensionsstall","status":"publish","type":"page","link":"https:\/\/neu.pillnitzer-reiterhof.de\/?page_id=65","title":{"rendered":"Pensionsstall"},"content":{"rendered":"\n<p class=\"has-vivid-red-color has-text-color has-medium-font-size\">Aktuell ist keine Box frei!<\/p>\n\n\n\n<p>Neben der F\u00f6rderung von Kinder- und Jugendsport bieten wir g\u00fcnstige Unterbringungsm\u00f6glichkeiten f\u00fcr Privatpferde.<\/p>\n\n\n\n<p><br>Durch die Lage am Stadtrand ist es ruhig, aber trotzdem gut zu erreichen. Wir bringen zum Komplettpreis von 355,00 Euro monatlich (inklusive Mitgliedsbeitrag) Ihr Pferd artgerecht unter und bieten vielf\u00e4ltige Reitm\u00f6glichkeiten auf unseren Reitpl\u00e4tzen oder in die wundersch\u00f6ne Umgebung. <\/p>\n\n\n\n<p><strong>Unsere Leistung f\u00fcr Euch:<\/strong><\/p>\n\n\n\n<ul class=\"wp-block-list\">\n<li>dreimal t\u00e4glich F\u00fctterung incl. Futter (Hafer, Pellets, Heu, Stroh) &#8211; individuell auf Ihr Pferd abgestimmt<\/li>\n\n\n\n<li>t\u00e4gliche Boxenpflege<\/li>\n\n\n\n<li>t\u00e4gliche Paddock Nutzung<\/li>\n\n\n\n<li>Koppel (incl. Weidenutzung), bei gutem Wetter, mehrmals in der Woche<\/li>\n\n\n\n<li>t\u00e4gliche Gesundheitskontrolle, Betreuung bei tier\u00e4rztlicher Versorgung<\/li>\n\n\n\n<li>Nutzung aller &#8222;Vereinsobjekte&#8220;: 3 Reitpl\u00e4tze, kleine Reithalle<\/li>\n\n\n\n<li>Aufbewahrung von Sattelzeug, eigener Spind<\/li>\n<\/ul>\n\n\n\n<p><strong>Eure Leistungen f\u00fcr uns, damit der Pensionspreis g\u00fcnstig bleibt:<\/strong><\/p>\n\n\n\n<ul class=\"wp-block-list\">\n<li>Zur Verf\u00fcgung stellen des Pferdes f\u00fcr ein Vereinsmitglied (daf\u00fcr erhaltet Ihr Verg\u00fcnstigung)<\/li>\n\n\n\n<li>Unterst\u00fctzung bei Stallarbeit, Arbeitseins\u00e4tzen, Futterdienst und Vereinsaktivit\u00e4ten<\/li>\n\n\n\n<li>bei Interesse \u00dcbungsleitert\u00e4tigkeit oder Unterst\u00fctzung der Vorstandsarbeit<\/li>\n<\/ul>\n\n\n\n<figure class=\"wp-block-gallery has-nested-images columns-default is-cropped wp-block-gallery-1 is-layout-flex wp-block-gallery-is-layout-flex\">\n<figure class=\"wp-block-image size-large\"><img loading=\"lazy\" decoding=\"async\" width=\"1600\" height=\"1200\" data-id=\"983\" src=\"https:\/\/neu.pillnitzer-reiterhof.de\/wp-content\/uploads\/2022\/07\/E7E5C7C7-5BF5-4C3E-B725-FAF44A1853CE.jpeg\" alt=\"\" class=\"wp-image-983\" srcset=\"https:\/\/neu.pillnitzer-reiterhof.de\/wp-content\/uploads\/2022\/07\/E7E5C7C7-5BF5-4C3E-B725-FAF44A1853CE.jpeg 1600w, https:\/\/neu.pillnitzer-reiterhof.de\/wp-content\/uploads\/2022\/07\/E7E5C7C7-5BF5-4C3E-B725-FAF44A1853CE-300x225.jpeg 300w, https:\/\/neu.pillnitzer-reiterhof.de\/wp-content\/uploads\/2022\/07\/E7E5C7C7-5BF5-4C3E-B725-FAF44A1853CE-1024x768.jpeg 1024w, https:\/\/neu.pillnitzer-reiterhof.de\/wp-content\/uploads\/2022\/07\/E7E5C7C7-5BF5-4C3E-B725-FAF44A1853CE-768x576.jpeg 768w, https:\/\/neu.pillnitzer-reiterhof.de\/wp-content\/uploads\/2022\/07\/E7E5C7C7-5BF5-4C3E-B725-FAF44A1853CE-1536x1152.jpeg 1536w\" sizes=\"auto, (max-width: 1600px) 100vw, 1600px\" \/><\/figure>\n\n\n\n<figure class=\"wp-block-image size-large\"><img loading=\"lazy\" decoding=\"async\" width=\"1920\" height=\"2560\" data-id=\"979\" src=\"https:\/\/neu.pillnitzer-reiterhof.de\/wp-content\/uploads\/2022\/07\/1B1E3B1B-73E5-4608-8756-5BC9014C6582-scaled.jpeg\" alt=\"\" class=\"wp-image-979\" srcset=\"https:\/\/neu.pillnitzer-reiterhof.de\/wp-content\/uploads\/2022\/07\/1B1E3B1B-73E5-4608-8756-5BC9014C6582-scaled.jpeg 1920w, https:\/\/neu.pillnitzer-reiterhof.de\/wp-content\/uploads\/2022\/07\/1B1E3B1B-73E5-4608-8756-5BC9014C6582-225x300.jpeg 225w, https:\/\/neu.pillnitzer-reiterhof.de\/wp-content\/uploads\/2022\/07\/1B1E3B1B-73E5-4608-8756-5BC9014C6582-768x1024.jpeg 768w, https:\/\/neu.pillnitzer-reiterhof.de\/wp-content\/uploads\/2022\/07\/1B1E3B1B-73E5-4608-8756-5BC9014C6582-1152x1536.jpeg 1152w, https:\/\/neu.pillnitzer-reiterhof.de\/wp-content\/uploads\/2022\/07\/1B1E3B1B-73E5-4608-8756-5BC9014C6582-1536x2048.jpeg 1536w\" sizes=\"auto, (max-width: 1920px) 100vw, 1920px\" \/><\/figure>\n\n\n\n<figure class=\"wp-block-image size-large\"><img loading=\"lazy\" decoding=\"async\" width=\"2560\" height=\"1920\" data-id=\"511\" src=\"https:\/\/neu.pillnitzer-reiterhof.de\/wp-content\/uploads\/2021\/05\/19-scaled.jpg\" alt=\"\" class=\"wp-image-511\" srcset=\"https:\/\/neu.pillnitzer-reiterhof.de\/wp-content\/uploads\/2021\/05\/19-scaled.jpg 2560w, https:\/\/neu.pillnitzer-reiterhof.de\/wp-content\/uploads\/2021\/05\/19-300x225.jpg 300w, https:\/\/neu.pillnitzer-reiterhof.de\/wp-content\/uploads\/2021\/05\/19-1024x768.jpg 1024w, https:\/\/neu.pillnitzer-reiterhof.de\/wp-content\/uploads\/2021\/05\/19-768x576.jpg 768w, https:\/\/neu.pillnitzer-reiterhof.de\/wp-content\/uploads\/2021\/05\/19-1536x1152.jpg 1536w, https:\/\/neu.pillnitzer-reiterhof.de\/wp-content\/uploads\/2021\/05\/19-2048x1536.jpg 2048w\" sizes=\"auto, (max-width: 2560px) 100vw, 2560px\" \/><\/figure>\n<\/figure>\n\n\n\n<p><\/p>\n","protected":false},"excerpt":{"rendered":"<p>Aktuell ist keine Box frei! Neben der F\u00f6rderung von Kinder- und Jugendsport bieten wir g\u00fcnstige Unterbringungsm\u00f6glichkeiten f\u00fcr Privatpferde. Durch die Lage am Stadtrand ist es ruhig, aber trotzdem gut zu erreichen. Wir bringen zum Komplettpreis von 355,00 Euro monatlich (inklusive<\/p>\n","protected":false},"author":1,"featured_media":0,"parent":7,"menu_order":0,"comment_status":"closed","ping_status":"closed","template":"","meta":{"ngg_post_thumbnail":0,"footnotes":""},"class_list":["post-65","page","type-page","status-publish","hentry"],"_links":{"self":[{"href":"https:\/\/neu.pillnitzer-reiterhof.de\/index.php?rest_route=\/wp\/v2\/pages\/65","targetHints":{"allow":["GET"]}}],"collection":[{"href":"https:\/\/neu.pillnitzer-reiterhof.de\/index.php?rest_route=\/wp\/v2\/pages"}],"about":[{"href":"https:\/\/neu.pillnitzer-reiterhof.de\/index.php?rest_route=\/wp\/v2\/types\/page"}],"author":[{"embeddable":true,"href":"https:\/\/neu.pillnitzer-reiterhof.de\/index.php?rest_route=\/wp\/v2\/users\/1"}],"replies":[{"embeddable":true,"href":"https:\/\/neu.pillnitzer-reiterhof.de\/index.php?rest_route=%2Fwp%2Fv2%2Fcomments&post=65"}],"version-history":[{"count":15,"href":"https:\/\/neu.pillnitzer-reiterhof.de\/index.php?rest_route=\/wp\/v2\/pages\/65\/revisions"}],"predecessor-version":[{"id":1513,"href":"https:\/\/neu.pillnitzer-reiterhof.de\/index.php?rest_route=\/wp\/v2\/pages\/65\/revisions\/1513"}],"up":[{"embeddable":true,"href":"https:\/\/neu.pillnitzer-reiterhof.de\/index.php?rest_route=\/wp\/v2\/pages\/7"}],"wp:attachment":[{"href":"https:\/\/neu.pillnitzer-reiterhof.de\/index.php?rest_route=%2Fwp%2Fv2%2Fmedia&parent=65"}],"curies":[{"name":"wp","href":"https:\/\/api.w.org\/{rel}","templated":true}]}}