{"id":71,"date":"2021-04-13T14:13:13","date_gmt":"2021-04-13T14:13:13","guid":{"rendered":"https:\/\/neu.pillnitzer-reiterhof.de\/?page_id=71"},"modified":"2022-02-20T15:34:42","modified_gmt":"2022-02-20T15:34:42","slug":"geschichte","status":"publish","type":"page","link":"https:\/\/neu.pillnitzer-reiterhof.de\/?page_id=71","title":{"rendered":"Geschichte"},"content":{"rendered":"\n<h1 class=\"wp-block-heading\" id=\"vereinsgeschichte\">\u00ad\u00ad\u00ad\u00ad\u00ad\u00ad\u00ad\u00ad\u00ad\u00ad\u00ad\u00ad\u00ad\u00ad\u00ad\u00adVereinsgeschichte <\/h1>\n\n\n\n<p><\/p>\n\n\n\n<p><strong>1962<\/strong>&nbsp;Jugendportst\u00e4tte &#8222;Alte Sch\u00e4ferei&#8220; gegr\u00fcndet.<br><br><strong>1991<\/strong>&nbsp;wurde der Pillnitzer Reiterhof &#8222;Alte Sch\u00e4ferei&#8220; als e.V. eingetragen.<\/p>\n\n\n\n<h2 class=\"wp-block-heading\" id=\"weidewirtschaft\">Weidewirtschaft<\/h2>\n\n\n\n<div class=\"wp-block-media-text alignwide is-stacked-on-mobile\"><figure class=\"wp-block-media-text__media\"><img loading=\"lazy\" decoding=\"async\" width=\"300\" height=\"240\" src=\"https:\/\/neu.pillnitzer-reiterhof.de\/wp-content\/uploads\/2022\/02\/6.jpg\" alt=\"\" class=\"wp-image-631 size-full\"\/><\/figure><div class=\"wp-block-media-text__content\">\n<p class=\"has-medium-font-size\">Von Fr\u00fchjahr bis Herbst nutzen unsere Vereins- und Pensionspferde die Weiden. Mit extensiver Weidewirtschaft leistet unser Verein damit einen Beitrag zur Entlastung des Naturdenkmals &#8222;Pillnitzer Eichen&#8220;.<\/p>\n<\/div><\/div>\n\n\n\n<p>    <\/p>\n\n\n\n<h2 class=\"wp-block-heading\" id=\"erneuerung-mistplatz\">Erneuerung Mistplatz<\/h2>\n\n\n\n<p>      <\/p>\n\n\n\n<div class=\"wp-block-media-text alignwide is-stacked-on-mobile\"><figure class=\"wp-block-media-text__media\"><img loading=\"lazy\" decoding=\"async\" width=\"350\" height=\"280\" src=\"https:\/\/neu.pillnitzer-reiterhof.de\/wp-content\/uploads\/2022\/02\/5.jpg\" alt=\"\" class=\"wp-image-630 size-full\" srcset=\"https:\/\/neu.pillnitzer-reiterhof.de\/wp-content\/uploads\/2022\/02\/5.jpg 350w, https:\/\/neu.pillnitzer-reiterhof.de\/wp-content\/uploads\/2022\/02\/5-300x240.jpg 300w\" sizes=\"auto, (max-width: 350px) 100vw, 350px\" \/><\/figure><div class=\"wp-block-media-text__content\">\n<p class=\"has-medium-font-size\">Der alte Mistplatz wurde durch die Lagerung des Mists im Container frei.<\/p>\n<\/div><\/div>\n\n\n\n<p>    <\/p>\n\n\n\n<h2 class=\"wp-block-heading\" id=\"2000-paddockbau\">2000 Paddockbau<\/h2>\n\n\n\n<p>    <\/p>\n\n\n\n<div class=\"wp-block-media-text alignwide is-stacked-on-mobile\"><figure class=\"wp-block-media-text__media\"><img loading=\"lazy\" decoding=\"async\" width=\"350\" height=\"240\" src=\"https:\/\/neu.pillnitzer-reiterhof.de\/wp-content\/uploads\/2022\/02\/7.jpg\" alt=\"\" class=\"wp-image-632 size-full\" srcset=\"https:\/\/neu.pillnitzer-reiterhof.de\/wp-content\/uploads\/2022\/02\/7.jpg 350w, https:\/\/neu.pillnitzer-reiterhof.de\/wp-content\/uploads\/2022\/02\/7-300x206.jpg 300w\" sizes=\"auto, (max-width: 350px) 100vw, 350px\" \/><\/figure><div class=\"wp-block-media-text__content\">\n<p class=\"has-medium-font-size\">Den Pferden stehen nun 5 Paddocks an der Talseite des Stalles zur Verf\u00fcgung. Entsprechend der Wetterlage, k\u00f6nnen sich unsere Pferde zu jeder Jahreszeit, stundenweise im Freien aufhalten. <\/p>\n<\/div><\/div>\n\n\n\n<p>       <\/p>\n\n\n\n<h2 class=\"wp-block-heading\" id=\"2002-reitplatz\">2002 Reitplatz<\/h2>\n\n\n\n<p>      <\/p>\n\n\n\n<div class=\"wp-block-media-text alignwide is-stacked-on-mobile\"><figure class=\"wp-block-media-text__media\"><img loading=\"lazy\" decoding=\"async\" width=\"289\" height=\"240\" src=\"https:\/\/neu.pillnitzer-reiterhof.de\/wp-content\/uploads\/2022\/02\/8.jpg\" alt=\"\" class=\"wp-image-633 size-full\"\/><\/figure><div class=\"wp-block-media-text__content\">\n<p class=\"has-medium-font-size\">Der Reitplatz wurde Saniert, mit einer neuen Drainage ausgestattet und hat einen neuen Belag erhalten.<\/p>\n<\/div><\/div>\n\n\n\n<p>      <\/p>\n\n\n\n<h2 class=\"wp-block-heading\" id=\"2010-forderband-zum-heuboden\">2010 F\u00f6rderband zum Heuboden<\/h2>\n\n\n\n<p>        <\/p>\n\n\n\n<div class=\"wp-block-media-text alignwide is-stacked-on-mobile\"><figure class=\"wp-block-media-text__media\"><img loading=\"lazy\" decoding=\"async\" width=\"675\" height=\"518\" src=\"https:\/\/neu.pillnitzer-reiterhof.de\/wp-content\/uploads\/2022\/02\/9.jpg\" alt=\"\" class=\"wp-image-634 size-full\" srcset=\"https:\/\/neu.pillnitzer-reiterhof.de\/wp-content\/uploads\/2022\/02\/9.jpg 675w, https:\/\/neu.pillnitzer-reiterhof.de\/wp-content\/uploads\/2022\/02\/9-300x230.jpg 300w\" sizes=\"auto, (max-width: 675px) 100vw, 675px\" \/><\/figure><div class=\"wp-block-media-text__content\">\n<p class=\"has-medium-font-size\">Mit der Installation des F\u00f6rderbandes zum Heuboden konnten wir unsere Arbeit erheblich erleichtern.<\/p>\n<\/div><\/div>\n\n\n\n<p><br><\/p>\n\n\n\n<h2 class=\"wp-block-heading\" id=\"2012-hofsanierung\">2012 Hofsanierung<\/h2>\n\n\n\n<p>    <\/p>\n\n\n\n<div class=\"wp-block-media-text alignwide is-stacked-on-mobile\"><figure class=\"wp-block-media-text__media\"><img loading=\"lazy\" decoding=\"async\" width=\"662\" height=\"529\" src=\"https:\/\/neu.pillnitzer-reiterhof.de\/wp-content\/uploads\/2022\/02\/10.jpg\" alt=\"\" class=\"wp-image-635 size-full\" srcset=\"https:\/\/neu.pillnitzer-reiterhof.de\/wp-content\/uploads\/2022\/02\/10.jpg 662w, https:\/\/neu.pillnitzer-reiterhof.de\/wp-content\/uploads\/2022\/02\/10-300x240.jpg 300w\" sizes=\"auto, (max-width: 662px) 100vw, 662px\" \/><\/figure><div class=\"wp-block-media-text__content\">\n<p class=\"has-medium-font-size\">Unser Hof wurde gepflastert und am Stallgeb\u00e4ude entstanden weitere Putzpl\u00e4tze.<\/p>\n<\/div><\/div>\n","protected":false},"excerpt":{"rendered":"<p>\u00ad\u00ad\u00ad\u00ad\u00ad\u00ad\u00ad\u00ad\u00ad\u00ad\u00ad\u00ad\u00ad\u00ad\u00ad\u00adVereinsgeschichte 1962&nbsp;Jugendportst\u00e4tte &#8222;Alte Sch\u00e4ferei&#8220; gegr\u00fcndet. 1991&nbsp;wurde der Pillnitzer Reiterhof &#8222;Alte Sch\u00e4ferei&#8220; als e.V. eingetragen. Weidewirtschaft Von Fr\u00fchjahr bis Herbst nutzen unsere Vereins- und Pensionspferde die Weiden. Mit extensiver Weidewirtschaft leistet unser Verein damit einen Beitrag zur Entlastung des Naturdenkmals &#8222;Pillnitzer<\/p>\n","protected":false},"author":1,"featured_media":0,"parent":7,"menu_order":0,"comment_status":"closed","ping_status":"closed","template":"","meta":{"ngg_post_thumbnail":0,"footnotes":""},"class_list":["post-71","page","type-page","status-publish","hentry"],"_links":{"self":[{"href":"https:\/\/neu.pillnitzer-reiterhof.de\/index.php?rest_route=\/wp\/v2\/pages\/71","targetHints":{"allow":["GET"]}}],"collection":[{"href":"https:\/\/neu.pillnitzer-reiterhof.de\/index.php?rest_route=\/wp\/v2\/pages"}],"about":[{"href":"https:\/\/neu.pillnitzer-reiterhof.de\/index.php?rest_route=\/wp\/v2\/types\/page"}],"author":[{"embeddable":true,"href":"https:\/\/neu.pillnitzer-reiterhof.de\/index.php?rest_route=\/wp\/v2\/users\/1"}],"replies":[{"embeddable":true,"href":"https:\/\/neu.pillnitzer-reiterhof.de\/index.php?rest_route=%2Fwp%2Fv2%2Fcomments&post=71"}],"version-history":[{"count":5,"href":"https:\/\/neu.pillnitzer-reiterhof.de\/index.php?rest_route=\/wp\/v2\/pages\/71\/revisions"}],"predecessor-version":[{"id":640,"href":"https:\/\/neu.pillnitzer-reiterhof.de\/index.php?rest_route=\/wp\/v2\/pages\/71\/revisions\/640"}],"up":[{"embeddable":true,"href":"https:\/\/neu.pillnitzer-reiterhof.de\/index.php?rest_route=\/wp\/v2\/pages\/7"}],"wp:attachment":[{"href":"https:\/\/neu.pillnitzer-reiterhof.de\/index.php?rest_route=%2Fwp%2Fv2%2Fmedia&parent=71"}],"curies":[{"name":"wp","href":"https:\/\/api.w.org\/{rel}","templated":true}]}}